{"id":1952,"date":"2022-05-10T13:36:30","date_gmt":"2022-05-10T13:36:30","guid":{"rendered":"https:\/\/judaikostyrimucentras.com\/?page_id=1952"},"modified":"2022-05-10T13:36:30","modified_gmt":"2022-05-10T13:36:30","slug":"istekliai","status":"publish","type":"page","link":"https:\/\/blog.lnb.lt\/judaika\/istekliai\/","title":{"rendered":"Skaidr\u0117s ir nuorodos"},"content":{"rendered":"\n<p><strong>2022 baland\u017eio-lapkri\u010dio m\u0117nesiais vykusiame seminar\u0173 cikle \u201eKelias \u012f Lietuvos \u017eyd\u0173 istorijos ir kult\u016bros paveldo pa\u017einim\u0105\u201c buvo skaitomos paskaitos, vyko praktiniai u\u017esi\u0117mimai, juose dalyvavo kelios de\u0161imtys edukatori\u0173 i\u0161 visos Lietuvos. Jei domit\u0117s \u017eyd\u0173 istorijos tyrimais ir esate kelio prad\u017eioje, kvie\u010diame naudotis paskait\u0173 med\u017eiaga ir rekomenduojamos literat\u016bros s\u0105ra\u0161ais. Skaidr\u0117se rasite verting\u0173 patarim\u0173 apie informacijos paie\u0161kas, darb\u0105 archyvuose, tyr\u0117j\u0173 ir edukatori\u0173 etik\u0105, surinktos med\u017eiagos organizavim\u0105 ir jos pristatym\u0105, k\u016brybin\u012f ra\u0161ym\u0105.<em> <\/em>\u0160iame puslapyje matote ir plakatus, kuriais seminar\u0173 dalyvius kviet\u0117me \u012f paskaitas 2022<\/strong> <strong>m. <\/strong><\/p>\n\n\n\n<p>&#8212;&#8212;&#8212;&#8212;&#8212;&#8212;&#8212;&#8212;&#8212;&#8212;&#8212;&#8212;&#8212;&#8212;&#8212;&#8212;&#8212;&#8212;&#8212;&#8212;&#8212;&#8212;&#8212;&#8212;&#8212;&#8212;&#8212;&#8212;-<\/p>\n\n\n\n<figure class=\"wp-block-image size-large\"><img loading=\"lazy\" decoding=\"async\" width=\"2245\" height=\"1587\" src=\"http:\/\/blog.lnb.lt\/judaika\/files\/2022\/11\/seminaras-su-ruta-anulyte.jpg?w=1024\" alt=\"\" class=\"wp-image-3032\" srcset=\"https:\/\/blog.lnb.lt\/judaika\/files\/2022\/11\/seminaras-su-ruta-anulyte.jpg 2245w, https:\/\/blog.lnb.lt\/judaika\/files\/2022\/11\/seminaras-su-ruta-anulyte-300x212.jpg 300w, https:\/\/blog.lnb.lt\/judaika\/files\/2022\/11\/seminaras-su-ruta-anulyte-1024x724.jpg 1024w, https:\/\/blog.lnb.lt\/judaika\/files\/2022\/11\/seminaras-su-ruta-anulyte-768x543.jpg 768w, https:\/\/blog.lnb.lt\/judaika\/files\/2022\/11\/seminaras-su-ruta-anulyte-1536x1086.jpg 1536w, https:\/\/blog.lnb.lt\/judaika\/files\/2022\/11\/seminaras-su-ruta-anulyte-2048x1448.jpg 2048w\" sizes=\"auto, (max-width: 2245px) 100vw, 2245px\" \/><\/figure>\n\n\n\n<p><strong>R\u016bta Anulyt\u0117, \u017eyd\u0173 istorijos ir kult\u016bros tyrin\u0117toja, VU Istorijos fakulteto doktorant\u0117 <\/strong><\/p>\n\n\n\n<p><strong>Tyr\u0117joms\/ams rekomenduojamos duomen\u0173 baz\u0117s ir archyvai<\/strong>, <strong>patogiai surinkti ir pateikti  <\/strong><a rel=\"noreferrer noopener\" href=\"https:\/\/padlet.com\/rutaanu\/Bookmarks\" target=\"_blank\">https:\/\/padlet.com\/rutaanu\/Bookmarks<\/a> <\/p>\n\n\n\n<p>&#8212;&#8212;&#8212;&#8212;&#8212;&#8212;&#8212;&#8212;&#8212;&#8212;&#8212;&#8212;&#8212;&#8212;&#8212;&#8212;&#8212;&#8212;&#8212;&#8212;&#8212;&#8212;&#8212;&#8212;&#8212;&#8212;&#8212;&#8212;<\/p>\n\n\n\n<p><strong>Dr. Ugn\u0117 Andrijauskait\u0117, istorik\u0117, edukator\u0117, mokslo populiarintoja<br>Mikroistorija ir jos taikymas istorijos tyrim\u0173 praktikoje<\/strong><\/p>\n\n\n\n<div data-wp-interactive=\"core\/file\" class=\"wp-block-file\"><object aria-label=\"\u012eterpti PDF\" data-wp-bind--hidden=\"!state.hasPdfPreview\" hidden><\/object><a id=\"wp-block-file--media-e8c40a96-5dfe-40fd-920a-65baca199c49\">parsisi\u0173sti<\/a><a href=\"http:\/\/blog.lnb.lt\/judaika\/files\/2022\/05\/mikroistorija-ir-jos-taikymas-istorijos-tyrimu-praktikoje.pdf\" class=\"wp-block-file__button wp-element-button\" download aria-describedby=\"wp-block-file--media-e8c40a96-5dfe-40fd-920a-65baca199c49\">Download<\/a><\/div>\n\n\n\n<p>&#8212;&#8212;&#8212;&#8212;&#8212;&#8212;&#8212;&#8212;&#8212;&#8212;&#8212;&#8212;&#8212;&#8212;&#8212;&#8212;&#8212;&#8212;&#8212;&#8211;<\/p>\n\n\n\n<p><strong>Julijana Andriejauskien\u0117, LNB Judaikos tyrim\u0173 centras<br>Vieno tyrimo istorija: Kauno Elja\u0161ev\u0173 \u0161eimos dokument\u0173 kolekcija<\/strong><\/p>\n\n\n\n<div data-wp-interactive=\"core\/file\" class=\"wp-block-file\"><object aria-label=\"\u012eterpti PDF\" data-wp-bind--hidden=\"!state.hasPdfPreview\" hidden><\/object><a id=\"wp-block-file--media-e5c6fa8b-f6a5-4706-a365-8f7aa15805ae\">parsisi\u0173sti<\/a><a href=\"http:\/\/blog.lnb.lt\/judaika\/files\/2022\/05\/julijana-pdf.pdf\" class=\"wp-block-file__button wp-element-button\" download aria-describedby=\"wp-block-file--media-e5c6fa8b-f6a5-4706-a365-8f7aa15805ae\">Download<\/a><\/div>\n\n\n\n<p>&#8212;&#8212;&#8212;&#8212;&#8212;&#8212;&#8212;&#8212;&#8212;&#8212;&#8212;&#8212;&#8212;&#8212;&#8212;&#8212;&#8212;&#8212;&#8212;&#8212;&#8212;&#8212;&#8212;&#8212;&#8212;&#8212;&#8212;&#8212;&#8212;&#8212;&#8212;&#8212;&#8212;-<\/p>\n\n\n\n<figure class=\"wp-block-image size-large\"><img loading=\"lazy\" decoding=\"async\" width=\"1280\" height=\"720\" src=\"http:\/\/blog.lnb.lt\/judaika\/files\/2022\/11\/2022-10-kmita.jpg?w=1024\" alt=\"\" class=\"wp-image-3025\" srcset=\"https:\/\/blog.lnb.lt\/judaika\/files\/2022\/11\/2022-10-kmita.jpg 1280w, https:\/\/blog.lnb.lt\/judaika\/files\/2022\/11\/2022-10-kmita-300x169.jpg 300w, https:\/\/blog.lnb.lt\/judaika\/files\/2022\/11\/2022-10-kmita-1024x576.jpg 1024w, https:\/\/blog.lnb.lt\/judaika\/files\/2022\/11\/2022-10-kmita-768x432.jpg 768w\" sizes=\"auto, (max-width: 1280px) 100vw, 1280px\" \/><\/figure>\n\n\n\n<p><strong>Dr. Rimantas Kmita, ra\u0161ytojas, kult\u016bros istorijos tyr\u0117jas, rekomenduoja literat\u016br\u0105:  <\/strong><\/p>\n\n\n\n<p>Robert McKee, <em>Story: Substance, Structure, Style and the Principles of Screenwriting&nbsp;<\/em><\/p>\n\n\n\n<p>Aleksandr Mitta, <em>Kinas tarp pragaro ir rojaus<\/em>, Vilnius: Lietuvos muzikos ir teatro akademija&nbsp;<\/p>\n\n\n\n<p>Laima Vinc\u0117, <em>Ra\u0161yti gali kiekvienas<\/em>&nbsp;<\/p>\n\n\n\n<p>Sandra Bernotait\u0117, <em>Laisvojo ra\u0161ymo elementai&nbsp;<\/em><\/p>\n\n\n\n<p>Larry Brooks, <em>Story Engineering<\/em>&nbsp;<\/p>\n\n\n\n<p>Ir dar apie istorijos pasakojimo d\u0117sniu negro\u017ein\u0117je literat\u016broje:<\/p>\n\n\n\n<p>Jack Hart, Storycraft. <em>The Complete Guide to Writing Narrative Nonfiction<\/em><\/p>\n\n\n\n<p>&#8212;&#8212;&#8212;&#8212;&#8212;&#8212;&#8212;&#8212;&#8212;&#8212;&#8212;&#8212;&#8212;&#8212;&#8212;&#8212;&#8212;&#8212;&#8212;&#8212;&#8212;&#8212;-<\/p>\n\n\n\n<figure class=\"wp-block-image size-large\"><img loading=\"lazy\" decoding=\"async\" width=\"1280\" height=\"720\" src=\"http:\/\/blog.lnb.lt\/judaika\/files\/2022\/11\/2022-09-naudziuniene.jpg?w=1024\" alt=\"\" class=\"wp-image-3027\" srcset=\"https:\/\/blog.lnb.lt\/judaika\/files\/2022\/11\/2022-09-naudziuniene.jpg 1280w, https:\/\/blog.lnb.lt\/judaika\/files\/2022\/11\/2022-09-naudziuniene-300x169.jpg 300w, https:\/\/blog.lnb.lt\/judaika\/files\/2022\/11\/2022-09-naudziuniene-1024x576.jpg 1024w, https:\/\/blog.lnb.lt\/judaika\/files\/2022\/11\/2022-09-naudziuniene-768x432.jpg 768w\" sizes=\"auto, (max-width: 1280px) 100vw, 1280px\" \/><\/figure>\n\n\n\n<p><strong>Dr. Akvil\u0117 Naud\u017ei\u016bnien\u0117, istorik\u0117, \u0161vietimo istorijos ir istorin\u0117s atminties tyr\u0117ja<\/strong><\/p>\n\n\n\n<p><strong>Mokymas(is) apie Holokausto istorij\u0105 mokykloje, muziejuje, ekskursijoje: problemos ir gerieji pavyzd\u017eiai<\/strong><\/p>\n\n\n\n<div data-wp-interactive=\"core\/file\" class=\"wp-block-file\"><object aria-label=\"\u012eterpti PDF\" data-wp-bind--hidden=\"!state.hasPdfPreview\" hidden><\/object><a id=\"wp-block-file--media-ce07b6dc-7ce3-4b4b-a2ac-30b698728b48\" href=\"http:\/\/blog.lnb.lt\/judaika\/files\/2022\/10\/mokymasis-apie-holokausto-istorija_20220929.pdf\">parsisi\u0173sti<\/a><a href=\"http:\/\/blog.lnb.lt\/judaika\/files\/2022\/10\/mokymasis-apie-holokausto-istorija_20220929.pdf\" class=\"wp-block-file__button wp-element-button\" download aria-describedby=\"wp-block-file--media-ce07b6dc-7ce3-4b4b-a2ac-30b698728b48\">Download<\/a><\/div>\n\n\n\n<p>&#8212;&#8212;&#8212;&#8212;&#8212;&#8212;&#8212;&#8212;&#8212;&#8212;&#8212;&#8212;&#8212;&#8212;&#8212;&#8212;&#8212;&#8212;&#8212;&#8212;&#8212;&#8212;&#8212;&#8212;&#8211;<\/p>\n\n\n\n<figure class=\"wp-block-image size-large\"><img loading=\"lazy\" decoding=\"async\" width=\"1280\" height=\"720\" src=\"http:\/\/blog.lnb.lt\/judaika\/files\/2022\/11\/292774849_10159199168953440_4762655914266778192_n.jpg?w=1024\" alt=\"\" class=\"wp-image-3029\" srcset=\"https:\/\/blog.lnb.lt\/judaika\/files\/2022\/11\/292774849_10159199168953440_4762655914266778192_n.jpg 1280w, https:\/\/blog.lnb.lt\/judaika\/files\/2022\/11\/292774849_10159199168953440_4762655914266778192_n-300x169.jpg 300w, https:\/\/blog.lnb.lt\/judaika\/files\/2022\/11\/292774849_10159199168953440_4762655914266778192_n-1024x576.jpg 1024w, https:\/\/blog.lnb.lt\/judaika\/files\/2022\/11\/292774849_10159199168953440_4762655914266778192_n-768x432.jpg 768w\" sizes=\"auto, (max-width: 1280px) 100vw, 1280px\" \/><\/figure>\n\n\n\n<p><strong>Giedrius Jokubauskis, tyr\u0117jas, diplomatas, menininkas, istorin\u0117s atminties entuziastas, vietos istorij\u0105 tyrin\u0117jusi\u0173 ekspedicij\u0173 dalyvis<\/strong><\/p>\n\n\n\n<p><strong>Tarp istorijos ir atminties: \u017eodin\u0117s istorijos elementai \u0161tetl\u0173 tyrimuose<\/strong><\/p>\n\n\n\n<div data-wp-interactive=\"core\/file\" class=\"wp-block-file\"><object aria-label=\"\u012eterpti PDF\" data-wp-bind--hidden=\"!state.hasPdfPreview\" hidden><\/object><a id=\"wp-block-file--media-8175b950-4912-40c4-bf74-b92c19134a15\" href=\"http:\/\/blog.lnb.lt\/judaika\/files\/2022\/07\/tarp-istorijos-ir-atminties-zodines-istorijos-elementai-stetlu-tyrimuose.pdf\">parsisi\u0173sti<\/a><a href=\"http:\/\/blog.lnb.lt\/judaika\/files\/2022\/07\/tarp-istorijos-ir-atminties-zodines-istorijos-elementai-stetlu-tyrimuose.pdf\" class=\"wp-block-file__button wp-element-button\" download aria-describedby=\"wp-block-file--media-8175b950-4912-40c4-bf74-b92c19134a15\">Download<\/a><\/div>\n\n\n\n<div data-wp-interactive=\"core\/file\" class=\"wp-block-file\"><object aria-label=\"\u012eterpti PDF\" data-wp-bind--hidden=\"!state.hasPdfPreview\" hidden><\/object><a id=\"wp-block-file--media-554a4baf-6e49-452c-bf27-4cd520b15475\" href=\"http:\/\/blog.lnb.lt\/judaika\/files\/2022\/07\/zodines-istorijos-projektas.pdf\">zodines-istorijos-projektas<\/a><a href=\"http:\/\/blog.lnb.lt\/judaika\/files\/2022\/07\/zodines-istorijos-projektas.pdf\" class=\"wp-block-file__button wp-element-button\" download aria-describedby=\"wp-block-file--media-554a4baf-6e49-452c-bf27-4cd520b15475\">Download<\/a><\/div>\n\n\n\n<p>&#8212;&#8212;&#8212;&#8212;&#8212;&#8212;&#8212;&#8212;&#8212;&#8212;&#8212;&#8212;&#8212;&#8212;&#8212;&#8212;&#8212;&#8212;&#8212;&#8212;&#8212;&#8212;&#8212;<\/p>\n\n\n\n<figure class=\"wp-block-image size-large\"><img loading=\"lazy\" decoding=\"async\" width=\"2048\" height=\"1448\" src=\"http:\/\/blog.lnb.lt\/judaika\/files\/2022\/11\/dovil4.jpg?w=1024\" alt=\"\" class=\"wp-image-3030\" srcset=\"https:\/\/blog.lnb.lt\/judaika\/files\/2022\/11\/dovil4.jpg 2048w, https:\/\/blog.lnb.lt\/judaika\/files\/2022\/11\/dovil4-300x212.jpg 300w, https:\/\/blog.lnb.lt\/judaika\/files\/2022\/11\/dovil4-1024x724.jpg 1024w, https:\/\/blog.lnb.lt\/judaika\/files\/2022\/11\/dovil4-768x543.jpg 768w, https:\/\/blog.lnb.lt\/judaika\/files\/2022\/11\/dovil4-1536x1086.jpg 1536w\" sizes=\"auto, (max-width: 2048px) 100vw, 2048px\" \/><\/figure>\n\n\n\n<p><strong>Dr. Dovil\u0117 Troskovait\u0117, istorik\u0117, VU Ryt\u0173 Europos \u017eyd\u0173 kult\u016bros ir istorijos tyrim\u0173 centras<\/strong><\/p>\n\n\n\n<p><strong>Regionini\u0173 tyrim\u0173 (ne)aktualumas: poreikiai ir i\u0161\u0161\u016bkiai<\/strong><\/p>\n\n\n\n<div data-wp-interactive=\"core\/file\" class=\"wp-block-file\"><object aria-label=\"\u012eterpti PDF\" data-wp-bind--hidden=\"!state.hasPdfPreview\" hidden><\/object><a id=\"wp-block-file--media-647f5237-349c-4c80-92d7-6129be55d953\">parsisi\u0173sti<\/a><a href=\"http:\/\/blog.lnb.lt\/judaika\/files\/2022\/06\/presentation-lnb-1.pdf\" class=\"wp-block-file__button wp-element-button\" download aria-describedby=\"wp-block-file--media-647f5237-349c-4c80-92d7-6129be55d953\">Download<\/a><\/div>\n\n\n\n<p>&#8212;&#8212;&#8212;&#8212;&#8212;&#8212;&#8212;&#8212;&#8212;&#8212;&#8212;&#8212;&#8212;&#8212;&#8212;&#8212;&#8212;&#8212;&#8212;&#8212;&#8212;&#8212;&#8212;&#8212;&#8212;&#8212;&#8212;&#8212;&#8212;&#8212;&#8212;&#8212;&#8211;<\/p>\n\n\n\n<p><strong>Migl\u0117 Anu\u0161auskait\u0117, \u017eyd\u0173 istorijos ir kult\u016bros tyrin\u0117toja<br>Darbas su nedideliu med\u017eiagos korpusu: d\u0117sningumai ir paserg\u0117jimai<\/strong><\/p>\n\n\n\n<div data-wp-interactive=\"core\/file\" class=\"wp-block-file\"><object aria-label=\"\u012eterpti PDF\" data-wp-bind--hidden=\"!state.hasPdfPreview\" hidden><\/object><a id=\"wp-block-file--media-5f78b949-7f8a-487b-a8da-d4f0298b0a42\">parsisi\u0173sti<\/a><a href=\"http:\/\/blog.lnb.lt\/judaika\/files\/2022\/05\/migle.pdf\" class=\"wp-block-file__button wp-element-button\" download aria-describedby=\"wp-block-file--media-5f78b949-7f8a-487b-a8da-d4f0298b0a42\">Download<\/a><\/div>\n\n\n\n<p>&#8212;&#8212;&#8212;&#8212;&#8212;&#8212;&#8212;&#8212;&#8212;&#8212;&#8212;&#8212;&#8212;&#8212;&#8212;&#8212;&#8212;&#8212;&#8212;&#8212;&#8212;&#8212;&#8212;&#8212;&#8212;&#8212;&#8212;&#8212;&#8212;&#8212;-<\/p>\n\n\n\n<p><strong>Raminta Bindokait\u0117-Tamulynien\u0117, Lietuvos valstyb\u0117s istorijos archyvas<br>Kaip nepask\u0119sti archyve?<\/strong><\/p>\n\n\n\n<div data-wp-interactive=\"core\/file\" class=\"wp-block-file\"><object aria-label=\"\u012eterpti PDF\" data-wp-bind--hidden=\"!state.hasPdfPreview\" hidden><\/object><a id=\"wp-block-file--media-5c9e52f4-eb15-44f6-8aa2-5d2edf4abb58\">parsisi\u0173sti<\/a><a href=\"http:\/\/blog.lnb.lt\/judaika\/files\/2022\/05\/zydu-kulturos-saltiniai-lvia-papildyta.pdf\" class=\"wp-block-file__button wp-element-button\" download aria-describedby=\"wp-block-file--media-5c9e52f4-eb15-44f6-8aa2-5d2edf4abb58\">Download<\/a><\/div>\n\n\n\n<p>&#8212;&#8212;&#8212;&#8212;&#8212;&#8212;&#8212;&#8212;&#8212;&#8212;&#8212;&#8212;&#8212;&#8212;&#8212;&#8212;&#8212;&#8212;&#8212;&#8212;&#8212;&#8212;&#8212;&#8212;&#8212;&#8212;&#8212;-<\/p>\n\n\n\n<p><strong>Saul\u0117 Vali\u016bnait\u0117, istorik\u0117, Vilniaus Gaono \u017eyd\u0173 istorijos muziejus<\/strong><\/p>\n\n\n\n<p><strong>Kas slepiasi Vilniaus Gaono \u017eyd\u0173 istorijos muziejaus kolekcijose ir<br>kaip i\u0161vengti da\u017eniausiai \u017eyd\u0173 istorijos projektuose pasitaikan\u010di\u0173 klaid\u0173?<\/strong><\/p>\n\n\n\n<div data-wp-interactive=\"core\/file\" class=\"wp-block-file\"><object aria-label=\"\u012eterpti PDF\" data-wp-bind--hidden=\"!state.hasPdfPreview\" hidden><\/object><a id=\"wp-block-file--media-a5a19d1e-7e4a-45d8-ba00-a2162b41c8de\" href=\"http:\/\/blog.lnb.lt\/judaika\/files\/2022\/06\/saules_prezentacija.pdf\">parsisi\u0173sti<\/a><a href=\"http:\/\/blog.lnb.lt\/judaika\/files\/2022\/06\/saules_prezentacija.pdf\" class=\"wp-block-file__button wp-element-button\" download aria-describedby=\"wp-block-file--media-a5a19d1e-7e4a-45d8-ba00-a2162b41c8de\">Download<\/a><\/div>\n\n\n\n<p>&#8212;&#8212;&#8212;&#8212;&#8212;&#8212;&#8212;&#8212;&#8212;&#8212;&#8212;&#8212;&#8212;&#8212;&#8212;&#8212;&#8212;&#8212;&#8212;&#8212;&#8212;&#8212;&#8212;&#8212;&#8212;&#8212;&#8212;&#8211;<\/p>\n\n\n\n<p><strong>Prof. dr. Jurgita Verbickien\u0117, VU<br>Edukatori\u0173 etika<\/strong><\/p>\n\n\n\n<div data-wp-interactive=\"core\/file\" class=\"wp-block-file\"><object aria-label=\"\u012eterpti PDF\" data-wp-bind--hidden=\"!state.hasPdfPreview\" hidden><\/object><a id=\"wp-block-file--media-e1af442e-b18e-40d5-8dd4-94a19948e127\">parsisi\u0173sti<\/a><a href=\"http:\/\/blog.lnb.lt\/judaika\/files\/2022\/05\/edukatoriu-etika-f.pdf\" class=\"wp-block-file__button wp-element-button\" download aria-describedby=\"wp-block-file--media-e1af442e-b18e-40d5-8dd4-94a19948e127\">Download<\/a><\/div>\n\n\n\n<p>&#8212;&#8212;&#8212;&#8212;&#8212;&#8212;&#8212;&#8212;&#8212;&#8212;&#8212;&#8212;&#8212;&#8212;&#8212;&#8212;&#8212;&#8212;&#8212;&#8212;&#8212;&#8212;&#8212;&#8212;&#8212;&#8212;<\/p>\n\n\n\n<p><strong>Neringa&nbsp;Latvyt\u0117, istorik\u0117, Holokausto bei traumin\u0117s atminties ir kult\u016bros paveldo komunikacijos tyr\u0117ja<\/strong><\/p>\n\n\n\n<p><strong>Trinant Holokausto patir\u010di\u0173 para\u0161tes: moter\u0173 traumini\u0173 patir\u010di\u0173 integravimo svarba<\/strong><\/p>\n\n\n\n<div class=\"wp-block-file\"><a id=\"wp-block-file--media-ffaf3b70-6d50-496b-8e23-7eb46bcee007\" href=\"https:\/\/judaikostyrimucentras.files.wordpress.com\/2022\/11\/trinant-holokausto-patirciu-parastes_moteru-trauminiu-patirciu-integravimo-svarba.pptx\">trinant-holokausto-patirciu-parastes_moteru-trauminiu-patirciu-integravimo-svarba<\/a><a href=\"https:\/\/judaikostyrimucentras.files.wordpress.com\/2022\/11\/trinant-holokausto-patirciu-parastes_moteru-trauminiu-patirciu-integravimo-svarba.pptx\" class=\"wp-block-file__button wp-element-button\" download aria-describedby=\"wp-block-file--media-ffaf3b70-6d50-496b-8e23-7eb46bcee007\">Download<\/a><\/div>\n\n\n\n<p>Seminar\u0173 cikl\u0105 \u201eKelias \u012f Lietuvos \u017eyd\u0173 istorijos ir kult\u016bros paveldo pa\u017einim\u0105\u201c organizavo LNB DPTD Judaikos tyrim\u0173 centras, finansavo Lietuvos kult\u016bros taryba.  <\/p>\n\n\n\n<figure class=\"wp-block-image size-large\"><img loading=\"lazy\" decoding=\"async\" width=\"1403\" height=\"242\" src=\"http:\/\/blog.lnb.lt\/judaika\/files\/2022\/11\/logo.jpg?w=616\" alt=\"\" class=\"wp-image-2882\" srcset=\"https:\/\/blog.lnb.lt\/judaika\/files\/2022\/11\/logo.jpg 1403w, https:\/\/blog.lnb.lt\/judaika\/files\/2022\/11\/logo-300x52.jpg 300w, https:\/\/blog.lnb.lt\/judaika\/files\/2022\/11\/logo-1024x177.jpg 1024w, https:\/\/blog.lnb.lt\/judaika\/files\/2022\/11\/logo-768x132.jpg 768w\" sizes=\"auto, (max-width: 1403px) 100vw, 1403px\" \/><\/figure>\n","protected":false},"excerpt":{"rendered":"<p>2022 baland\u017eio-lapkri\u010dio m\u0117nesiais vykusiame seminar\u0173 cikle \u201eKelias \u012f Lietuvos \u017eyd\u0173 istorijos ir kult\u016bros paveldo pa\u017einim\u0105\u201c buvo skaitomos paskaitos, vyko praktiniai u\u017esi\u0117mimai, juose dalyvavo kelios de\u0161imtys edukatori\u0173 i\u0161 visos Lietuvos. Jei domit\u0117s \u017eyd\u0173 istorijos tyrimais ir esate kelio prad\u017eioje, kvie\u010diame naudotis paskait\u0173 med\u017eiaga ir rekomenduojamos literat\u016bros s\u0105ra\u0161ais. Skaidr\u0117se rasite verting\u0173 patarim\u0173 apie informacijos paie\u0161kas, darb\u0105 archyvuose, [&hellip;]<\/p>\n","protected":false},"author":143,"featured_media":0,"parent":0,"menu_order":0,"comment_status":"closed","ping_status":"closed","template":"","meta":{"inline_featured_image":false,"footnotes":""},"class_list":["post-1952","page","type-page","status-publish","hentry"],"_links":{"self":[{"href":"https:\/\/blog.lnb.lt\/judaika\/wp-json\/wp\/v2\/pages\/1952","targetHints":{"allow":["GET"]}}],"collection":[{"href":"https:\/\/blog.lnb.lt\/judaika\/wp-json\/wp\/v2\/pages"}],"about":[{"href":"https:\/\/blog.lnb.lt\/judaika\/wp-json\/wp\/v2\/types\/page"}],"author":[{"embeddable":true,"href":"https:\/\/blog.lnb.lt\/judaika\/wp-json\/wp\/v2\/users\/143"}],"replies":[{"embeddable":true,"href":"https:\/\/blog.lnb.lt\/judaika\/wp-json\/wp\/v2\/comments?post=1952"}],"version-history":[{"count":0,"href":"https:\/\/blog.lnb.lt\/judaika\/wp-json\/wp\/v2\/pages\/1952\/revisions"}],"wp:attachment":[{"href":"https:\/\/blog.lnb.lt\/judaika\/wp-json\/wp\/v2\/media?parent=1952"}],"curies":[{"name":"wp","href":"https:\/\/api.w.org\/{rel}","templated":true}]}}