{"id":71,"date":"2017-02-08T14:01:34","date_gmt":"2017-02-08T14:01:34","guid":{"rendered":"https:\/\/judaikostyrimucentras.wordpress.com\/litvakai\/"},"modified":"2017-02-08T14:01:34","modified_gmt":"2017-02-08T14:01:34","slug":"litvakai","status":"publish","type":"page","link":"https:\/\/blog.lnb.lt\/judaika\/litvakai\/","title":{"rendered":"Litvakai"},"content":{"rendered":"<p style=\"text-align:justify\">Litvakas \u2013 vardas, taikomas visiems \u017eydams iki II Pasaulinio karo gyvenusiems regione, kuris pietuose t\u0119s\u0117si nuo Borisko ir Pinsko miest\u0173, o \u0161iaur\u0117je ap\u0117m\u0117 dabartin\u0117s Lietuvos teritorij\u0105; esminis jo bruo\u017eas \u2013 \u010dia paplitusi lietuvi\u0161koji jidi\u0161 tarm\u0117.<\/p>\n<p style=\"text-align:justify\">\u0160ioje rubrikoje pristatysime garsius litvakus, kurie yra susij\u0119 su Nacionalin\u0117je Martyno Ma\u017evydo saugomais \u017eydi\u0161kais dokumentais.<\/p>\n","protected":false},"excerpt":{"rendered":"<p>Litvakas \u2013 vardas, taikomas visiems \u017eydams iki II Pasaulinio karo gyvenusiems regione, kuris pietuose t\u0119s\u0117si nuo Borisko ir Pinsko miest\u0173, o \u0161iaur\u0117je ap\u0117m\u0117 dabartin\u0117s Lietuvos teritorij\u0105; esminis jo bruo\u017eas \u2013 \u010dia paplitusi lietuvi\u0161koji jidi\u0161 tarm\u0117. \u0160ioje rubrikoje pristatysime garsius litvakus, kurie yra susij\u0119 su Nacionalin\u0117je Martyno Ma\u017evydo saugomais \u017eydi\u0161kais dokumentais.<\/p>\n","protected":false},"author":143,"featured_media":0,"parent":0,"menu_order":0,"comment_status":"closed","ping_status":"closed","template":"","meta":{"inline_featured_image":false,"footnotes":""},"class_list":["post-71","page","type-page","status-publish","hentry"],"_links":{"self":[{"href":"https:\/\/blog.lnb.lt\/judaika\/wp-json\/wp\/v2\/pages\/71","targetHints":{"allow":["GET"]}}],"collection":[{"href":"https:\/\/blog.lnb.lt\/judaika\/wp-json\/wp\/v2\/pages"}],"about":[{"href":"https:\/\/blog.lnb.lt\/judaika\/wp-json\/wp\/v2\/types\/page"}],"author":[{"embeddable":true,"href":"https:\/\/blog.lnb.lt\/judaika\/wp-json\/wp\/v2\/users\/143"}],"replies":[{"embeddable":true,"href":"https:\/\/blog.lnb.lt\/judaika\/wp-json\/wp\/v2\/comments?post=71"}],"version-history":[{"count":0,"href":"https:\/\/blog.lnb.lt\/judaika\/wp-json\/wp\/v2\/pages\/71\/revisions"}],"wp:attachment":[{"href":"https:\/\/blog.lnb.lt\/judaika\/wp-json\/wp\/v2\/media?parent=71"}],"curies":[{"name":"wp","href":"https:\/\/api.w.org\/{rel}","templated":true}]}}